t(s).
8
Let h(d) be the second derivative of d**8/6720 - d**7/504 - d**6/90 + d**5/15 - d**4/12 + 6*d. Let f(k) be the third derivative of h(k). Calculate f(6).
-4
Let c(a) = -5*a + 1. Suppose -3*j = -9 + 3. Calculate c(j).
-9
Let k = -6 + 10. Suppose -r = r - k*y - 10, 3*r - 3*y = 15. Let c(s) = s**2 - 4*s. Give c(r).
5
Let b(k) be the second derivative of k**4/12 - 2*k**3/3 + k**2 + 9*k. Determine b(3).
-1
Suppose -u - 2*u + 51 = 0. Let r = u - 9. Suppose -3*l = -r - 7. Let o(f) = -f**3 + 6*f**2 - 5*f + 4. Determine o(l).
4
Let o = -10 + 16. Suppose -2*v + o*v = 8. Let d be ((-3)/(-9))/(v/30). Let p(t) = -2*t + 1. What is p(d)?
-9
Let u(t) be the first derivative of -3*t**2/2 - 3*t - 3. What is u(-5)?
12
Let r = 10 - 5. Let s(b) be the third derivative of b**4/8 - 5*b**3/6 - 4*b**2. Determine s(r).
10
Suppose k + b = 0, -4 = 5*k + b - 16. Let w = -3 - -26. Suppose -3*t = 2*c - 1, -5*c + 2*t - k = w. Let h(o) = -o**3 - 3*o**2 + 4*o - 1. What is h(c)?
-1
Let z(d) be the first derivative of d**6/360 + d**5/20 + d**4/8 - d**3 - 2. Let p(j) be the third derivative of z(j). Determine p(-2).
-5
Let v(x) be the third derivative of -x**6/120 - x**5/20 + x**4/12 + 3*x**2. Suppose 0 = j + 1, j + 6 = -3*b - 7. Give v(b).
8
Suppose -3*s = h + 23 + 23, 3*s - 2*h = -43. Let i be (-608)/285 + (-2)/s. Let q(c) = 2*c**3 + 2*c**2 - 2*c - 2. Calculate q(i).
-6
Let g = -6 + 9. Suppose -g*h = -2 - 4. Let z(m) = 2*m**3 - 2*m**2 - m + 2. What is z(h)?
8
Let o(j) be the first derivative of 1 + 3*j + 1/2*j**2. Let u be o(-4). Let l(b) = -b**2 - 2*b - 1. What is l(u)?
0
Let u(g) = 23*g**2 + 2*g - 1. Let q(m) = 3*m + 19. Let c be q(-6). What is u(c)?
24
Let u(s) = 4*s - 10 - 2*s + 0*s + s. Calculate u(7).
11
Suppose 0 = 4*q + 4 - 0. Let r(t) = 4*t**2 + 0*t + 0*t. What is r(q)?
4
Let v(j) = -3*j + 7 - 3 + 1. Give v(4).
-7
Let z(r) = 6*r**3 - 2*r**2 + r - 2. Let g(u) = 7*u**3 - u**2 + u - 2. Let m(y) = 5*g(y) - 6*z(y). Calculate m(7).
-5
Suppose 8*p = 3*p. Let z(v) = -v**3 - v**2 - v - 15. Determine z(p).
-15
Let q(n) = 4 - n**2 - 7*n + 12*n - 7*n. Determine q(-3).
1
Let g be 69/23*(-2 - (-26)/6). Let b(h) = h**2 - 8*h - 5. Determine b(g).
-12
Let a(l) be the first derivative of l**4/4 - 4*l**3/3 - l**2/2 - 4*l - 3. Calculate a(4).
-8
Let p = 18 - 15. Let c(j) = 3*j**2 + j**2 - 2*j**2 + p - 3*j**2. Give c(3).
-6
Suppose 2*u + 4*w = -2*u - 16, 0 = -2*u + 4*w - 2. Let z be u - -2*6/4. Let c be -4 + 6 - (z - -1). Let d(k) = 3*k. Determine d(c).
3
Let g(p) = 3*p + 1 + 2 - 4*p - p**3. Let i(z) = -z**3 - 6*z**2 - 5*z. Suppose -4*r - 5 = -3*r. Let x be i(r). Give g(x).
3
Let l(y) be the first derivative of -y**2/2 - y - 4. Let q = 4 - 6. What is l(q)?
1
Let k = 10 - 7. Suppose k*u + u = -4. Let g(o) = o + 1. Let f(y) = -16*y - 12. Let x(p) = f(p) + 12*g(p). Give x(u).
4
Let w(x) = 6*x**2 - 7*x + 5. Let q be w(1). Let m(c) = -c**2 - 1. Let g(p) = -5*p**2 + 6*p - 7. Let n(d) = g(d) - 4*m(d). Give n(q).
5
Suppose -3*r + k - 3*k = -11, -r = -3*k. Let i(s) be the second derivative of -1/6*s**3 - 1/6*s**4 - 2*s**2 - 2*s + 1/20*s**5 + 0. Determine i(r).
2
Let f(v) = -3*v. Let t(g) = -17*g + 1. Let c(k) = k. Let b(u) = c(u) + t(u). Let i(n) = -6*b(n) + 33*f(n). Give i(-4).
6
Let t(h) be the third derivative of h**5/12 - 2*h**2. Let s be (-1)/2*-3*(-12)/18. Calculate t(s).
5
Let d(r) = 2*r**2 - 4*r. Let o = -37 - -40. Give d(o).
6
Suppose 5*b - 5*m = -m + 25, -2*b + 10 = 2*m. Let w(l) = -b - 2*l + 4 + l - 6*l**2. What is w(-1)?
-6
Let o(h) = h**3 - 3*h**2 + h. Let x(a) = a**3 - 7*a**2 + 2*a. Let r(u) = 7*o(u) - 3*x(u). Calculate r(-1).
-5
Let t(a) = 11 + a**2 + 22 - 17 - 12*a. Determine t(11).
5
Let t(q) = -q + 5. Let x(o) = -5*o + 25. Let z(c) = 11*t(c) - 2*x(c). Calculate z(9).
-4
Let n = -25 + 50. Suppose -4*i - i - n = 0. Let z(c) be the third derivative of -c**6/120 - c**5/10 - c**4/4 - c**3 + c**2. Give z(i).
-1
Suppose -3*j = -8*j + 10. Suppose -5*i - j = -7. Let r(y) = -4*y + 5*y - 4*y. Determine r(i).
-3
Let q(s) = 2*s - 3. Let f = 4 - 2. Suppose 0 = -2*l - 2*t - f, -l = -5*l - t - 10. What is q(l)?
-9
Let u(o) = 13*o**2 + 5*o + 8. Let i(c) = 6*c**2 + 3*c + 4. Let f(m) = 9*i(m) - 4*u(m). Let q be (2 + 3/(-2))*-4. Let x be (-6 - -1 - q) + -1. What is f(x)?
8
Let y(u) be the first derivative of u**4/4 - 8*u**3/3 - 7*u**2/2 - 11*u - 3. What is y(9)?
7
Let l(b) = 8*b. Let w(k) = 7*k + 1. Let z(n) = 5*l(n) - 6*w(n). Calculate z(-6).
6
Let t = 2 - 2. Let n(s) = -5*s**2 + s + 4. Let z(q) = -4*q**2 + q + 3. Let x(p) = 3*n(p) - 4*z(p). What is x(t)?
0
Let u(q) = 3*q**2 + 2*q - 3*q**2 + 1 + 5*q**2 + 0. Suppose -t + 4 = -2*h, -3*t = -5*h - 5 - 6. Determine u(h).
4
Let z(w) = 0 - 7 + 3 + 0*w - w. Give z(-6).
2
Let a = 0 - 3. Suppose -4 = -i - 2. Let b(c) = -1 - 1 - 4*c**i + 5*c**2. Determine b(a).
7
Let c be ((-48)/10)/((-12)/(-90)). Let a be c/28 + 6/21. Let m(u) be the second derivative of -2*u**3/3 - u**2/2 - u. Give m(a).
3
Let o(a) = a**2 - a + a**2 + 1 - a**2 - a**3. Let f(i) = -i**2 + 6*i + 4. Let m be f(5). Suppose 4*w - 5*r = m + 5, -4*r - 8 = 0. Give o(w).
0
Let z(c) = c**3 + 6*c**2 - c - 8. Let t = -13 + 7. What is z(t)?
-2
Let y(l) = -l**3 - 8 + 0*l**3 + 5*l**2 + 3 - 3*l. Suppose 0 = 5*p - 0*p + 15. Let x be ((-8)/p)/(2/3). What is y(x)?
-1
Let p(o) = -o**2 + 4*o - 4. Let a = -85 - -89. Calculate p(a).
-4
Let r(a) = 5*a - 5*a + 12*a**2 + 6*a - 7*a**2 + 5 - a**3. Calculate r(6).
5
Let b(n) be the first derivative of n**4/4 + 7*n**3/3 - 7*n**2/2 + 9*n - 37. What is b(-8)?
1
Let a(o) = 3*o**2 - 10*o - 8. Let u(n) = n**2 - 6*n + 4. Let p be u(5). Let k(m) = -m**2 + m + 1. Let x(j) = p*a(j) - 4*k(j). Calculate x(-5).
-1
Let v(y) be the first derivative of y**2 - y + 5. Let z = 4 + -3. What is v(z)?
1
Let t be -3*2 + -1 + 2. Let r(i) = -2*i - 6. Determine r(t).
4
Let l(k) be the first derivative of 3/2*k**2 + 7*k + 2 - 1/3*k**3. Calculate l(5).
-3
Suppose -g + 2 + 4 = 0. Let x be 0*(g/2)/3. Let j(z) = -z + 6. Give j(x).
6
Let i = -4 + 0. Let q be (1 - -1) + i/(-2). Let l(j) = 1 - 2*j + 0 + 0*j + 3*j. Calculate l(q).
5
Let n(d) = -8*d**2 - d - 1. Let o(j) = j**2 + 7*j + 6. Let u be o(-6). Suppose 0 = -u*c + c - 3, -3*x = 5*c - 21. Suppose -5*a - x = -3*a. Calculate n(a).
-8
Let a be 5/(-2)*(-36)/30. Let q(j) = 2*j**2 - 4*j + 10*j**3 - 8*j**2 - 11*j**3 + 0 - a. Give q(-5).
-8
Let c(f) = -f**3 - 8*f**2 - 8*f - 9. Suppose -2*t + 5*t = 9. Suppose t*j - 1 = -22. Let m be c(j). Let i(g) = 2*g**3 + 4*g**2 + 2*g. Give i(m).
-4
Let s(c) = -3*c + 26. Let t be s(8). Let y(m) be the second derivative of 1/2*m**t + 0 + 2/3*m**3 - 2*m. What is y(2)?
9
Let a(t) = 2*t - 4. Let n(r) = 7*r**2 + 15*r - 20. Let q(y) = 10*y**2 + 22*y - 30. Let o(z) = -7*n(z) + 5*q(z). Let v be o(-7). Calculate a(v).
4
Let w be (-9)/(-11) + 4/22. Let b be (-3 - (-4)/w)*-1. Let z(q) = -4*q**2 - 1. What is z(b)?
-5
Suppose -5 = -2*p - 5*o, -5*p - 3*o = 2*o - 35. Let u(l) = l - 5. What is u(p)?
5
Let u be (-9)/15 + (-129)/(-15). Let p(q) = -5*q**2 - 3*q + 3 + q - 2*q**3 + u*q**2. What is p(2)?
-5
Let x(w) = w**3 + 2*w**2. Let a be 3*(-6 + 9 + -1*4). What is x(a)?
-9
Let j(t) = -t. Let q be j(-1). Let w = 3 - q. Let l(r) = r**2 - 5*r**w - 2 + r**3 + 3 + 2*r. Give l(4).
9
Let o(j) = 15*j + 43. Let p be o(-3). Let n(z) = -z. Let x(q) = -q + 1. Let t(c) = n(c) + 2*x(c). What is t(p)?
8
Let v(j) = j**2 + 11*j + 21. Let i be v(-9). Let r(y) = 5*y + 4. Determine r(i).
19
Let g(d) = d + 1. Let j(i) = -4*i - 8. Let w(k) = -5*g(k) - j(k). Let v be w(6). Let p(y) = -y**3 - 2*y**2 + 2*y. Determine p(v).
3
Let w be (-5 + 35/10)/((-9)/12). Let g(i) = 2*i**2 - 3*i. Calculate g(w).
2
Let f(k) = -k**3 + k**2 + k - 2. Let p be f(0). Let g be 4*(0 - p)/(-2). Let l(z) be the second derivative of z**3/6 - z**2/2 + z. Give l(g).
-5
Let h(b) = -b**3 + 3*b + 2. Let i be (2/6)/(2/12). Suppose i*m + 3*m = -10. What is h(m)?
4
Let t be -16 + 14 - -2*3. Let a(y) = y - 2. Give a(t).
2
Let d(u) = 67*u - 5 - 68*u - 2. Give d(-7).
0
Suppose -9 = 4*s - 49. Let l(h) = h**2 - 9*h - 8. Let y be l(s). Let n(k) = y*k**2 + k - 3 - 3*k**2 - 2*k + 1. Calculate n(0).
-2
Suppose -5*u = -4*l - 1 - 6, 14 = 4*u + l. Let p(g) = -g**2 + 6*g - 3. Calculate p(u).
6
Let z(d) = -d + 5. Let f(c) = c**3 + c - 1. Let p be f(0). Let w(j) = -1. Let r(q) = p*z(q) - 6*w(q). Supp